ainder when 7866 is divided by 7.
5
Calculate the remainder when 866 is divided by 261.
83
Calculate the remainder when 14527263 is divided by 122.
113
What is the remainder when 70101626 is divided by 18?
14
What is the remainder when 16802203 is divided by 48?
43
Calculate the remainder when 1224604 is divided by 67.
45
What is the remainder when 116538 is divided by 243?
141
What is the remainder when 14811183 is divided by 304?
303
Calculate the remainder when 144857 is divided by 590.
307
Calculate the remainder when 2758044 is divided by 2757999.
45
Calculate the remainder when 14950586 is divided by 3613.
3605
What is the remainder when 55045603 is divided by 10089?
19
What is the remainder when 28074 is divided by 12861?
2352
What is the remainder when 14765275 is divided by 99?
19
Calculate the remainder when 10232 is divided by 4349.
1534
Calculate the remainder when 14940477 is divided by 54727.
6
Calculate the remainder when 10120685 is divided by 99222.
41
Calculate the remainder when 5619173 is divided by 66.
65
What is the remainder when 14618 is divided by 7087?
444
Calculate the remainder when 1141614 is divided by 13274.
50
Calculate the remainder when 2110768 is divided by 22.
0
Calculate the remainder when 1297426017 is divided by 4180.
4177
Calculate the remainder when 3845462 is divided by 75.
62
What is the remainder when 3681122 is divided by 1840548?
26
Calculate the remainder when 521704 is divided by 11855.
84
Calculate the remainder when 142439 is divided by 12009.
10340
Calculate the remainder when 85131 is divided by 42534.
63
Calculate the remainder when 490160 is divided by 27231.
2
What is the remainder when 70954373 is divided by 39?
35
What is the remainder when 65915821 is divided by 123?
121
What is the remainder when 5370909 is divided by 15172?
21
Calculate the remainder when 46006082 is divided by 11501516.
18
Calculate the remainder when 1190880 is divided by 4023.
72
Calculate the remainder when 1530226 is divided by 106.
10
Calculate the remainder when 1990802 is divided by 6748.
142
Calculate the remainder when 59781919 is divided by 4598608.
15
What is the remainder when 126083 is divided by 7850?
483
What is the remainder when 9585 is divided by 2036?
1441
What is the remainder when 252920 is divided by 9476?
6544
Calculate the remainder when 231151 is divided by 4719.
4639
What is the remainder when 52011962 is divided by 158573?
18
What is the remainder when 4207771 is divided by 50092?
43
Calculate the remainder when 7301069 is divided by 11.
6
Calculate the remainder when 5371157 is divided by 101.
78
What is the remainder when 2272465 is divided by 568110?
25
Calculate the remainder when 647930 is divided by 32364.
650
What is the remainder when 73050 is divided by 109?
20
Calculate the remainder when 3312273 is divided by 1012.
1009
What is the remainder when 37010925 is divided by 3827?
8
What is the remainder when 1898480 is divided by 474616?
16
Calculate the remainder when 106492 is divided by 20556.
3712
Calculate the remainder when 42308 is divided by 40788.
1520
Calculate the remainder when 40657778 is divided by 857.
841
Calculate the remainder when 5564995 is divided by 14124.
139
Calculate the remainder when 16409249 is divided by 3041.
13
Calculate the remainder when 2630417 is divided by 138442.
19
What is the remainder when 5605837 is divided by 28896?
13
What is the remainder when 18435820 is divided by 137?
4
Calculate the remainder when 1328910 is divided by 664423.
64
What is the remainder when 208350 is divided by 4012?
3738
Calculate the remainder when 39470 is divided by 12964.
578
What is the remainder when 175018 is divided by 42062?
6770
Calculate the remainder when 125303425 is divided by 269.
266
Calculate the remainder when 368354 is divided by 71.
6
Calculate the remainder when 1888822866 is divided by 11.
7
What is the remainder when 11922793 is divided by 405?
403
What is the remainder when 1621345 is divided by 203?
187
Calculate the remainder when 120264 is divided by 57606.
5052
Calculate the remainder when 896220 is divided by 298728.
36
Calculate the remainder when 307228 is divided by 1084.
456
What is the remainder when 119340 is divided by 119122?
218
Calculate the remainder when 86223355 is divided by 442171.
10
Calculate the remainder when 916225 is divided by 1034.
101
What is the remainder when 179424 is divided by 17941?
14
What is the remainder when 13592490 is divided by 9?
6
Calculate the remainder when 143251 is divided by 371.
45
Calculate the remainder when 459237770 is divided by 2225.
2220
What is the remainder when 887881 is divided by 40350?
181
What is the remainder when 68535 is divided by 1905?
1860
What is the remainder when 894637 is divided by 178922?
27
Calculate the remainder when 30144808 is divided by 468.
460
What is the remainder when 832846 is divided by 45?
31
Calculate the remainder when 44493957 is divided by 840.
837
Calculate the remainder when 8820414 is divided by 704.
702
Calculate the remainder when 32757 is divided by 1412.
281
Calculate the remainder when 132112 is divided by 14675.
37
Calculate the remainder when 241595 is divided by 34496.
123
Calculate the remainder when 4360317 is divided by 1424.
29
What is the remainder when 106353543 is divided by 166?
165
Calculate the remainder when 18072221 is divided by 2068.
2037
What is the remainder when 195396 is divided by 195235?
161
Calculate the remainder when 15052068 is divided by 6975.
18
What is the remainder when 3271434 is divided by 3?
0
Calculate the remainder when 12193861 is divided by 434.
197
Calculate the remainder when 2799430 is divided by 51841.
16
What is the remainder when 15687456 is divided by 563?
24
Calculate the remainder when 511239 is divided by 23.
18
Calculate the remainder when 58051 is divided by 935.
81
What is the remainder when 15327423 is divided by 843?
840
Calculate the remainder when 7395451 is divided by 17.
9
What is the remainder when 584965 is divided by 18178?
3269
What is the remainder when 309490 is divided by 887?
814
What is the remainder when 13721 is divided by 5?
1
Calculate the remainder when 477148 is divided by 411.
388
What is the remainder when 23265 is divided by 494?
47
Calculate the remainder when 18676788 is divided by 931.
928
Calculate the remainder when 343577 is divided by 84764.
4521
Calculate the remainder when 135746 is divided by 6230.
4916
Calculate the remainder when 160703890 is divided by 36.
34
What is the remainder when 658244 is divided by 38720?
4
Calculate the remainder when 8830695 is divided by 981179.
84
What is the remainder when 4632896 is divided by 95?
31
Calculate the remainder when 8238018 is divided by 15.
3
What is the remainder when 1020255 is divided by 203992?
295
What is the remainder when 5177673 is divided by 7083?
0
Calculate the remainder when 2554500 is divided by 159646.
164
What is the remainder when 14679166 is divided by 5635?
5626
What is the remainder when 660462 is divided by 220147?
21
What is the remainder when 276460159 is divided by 69?
67
What is the remainder when 961134 is divided by 32035?
84
Calculate the remainder when 1302917 is divided by 1030.
997
What is the remainder when 22968215 is divided by 2088019?
6
What is the remainder when 27756 is divided by 26119?
1637
What is the remainder when 90111772 is divided by 15?
7
What is the remainder when 659404 is divided by 4123?
3847
What is the remainder when 43211155 is divided by 223?
222
What is the remainder when 13179053 is divided by 1464336?
29
Calculate the remainder when 26201 is divided by 23998.
2203
Calculate the remainder when 505502 is divided by 505474.
28
Calculate the remainder when 790370 is divided by 523.
117
Calculate the remainder when 53535 is divided by 1487.
3
What is the remainder when 55697 is divided by 7936?
145
Calculate the remainder when 189187415 is divided by 2871.
2870
Calculate the remainder when 61352761 is divided by 47.
42
What is the remainder when 3058430 is divided by 2875?
2305
What is the remainder when 1135465 is divided by 227064?
145
Calculate the remainder when 73510 is divided by 1137.
742
What is the remainder when 20077 is divided by 1896?
1117
Calculate